{"id":25564,"date":"2024-04-23T11:04:52","date_gmt":"2024-04-23T11:04:52","guid":{"rendered":"https:\/\/www.univ-msila.dz\/site\/?page_id=25564"},"modified":"2024-10-22T12:16:51","modified_gmt":"2024-10-22T12:16:51","slug":"%d9%85%d8%b4%d8%a7%d8%b1%d9%8a%d8%b9-%d8%a7%d9%84%d8%a8%d8%ad%d8%ab-%d8%a7%d9%84%d8%b9%d9%84%d9%85%d9%8a-gtu","status":"publish","type":"page","link":"https:\/\/www.univ-msila.dz\/site\/gtu-ar\/%d9%85%d8%b4%d8%a7%d8%b1%d9%8a%d8%b9-%d8%a7%d9%84%d8%a8%d8%ad%d8%ab-%d8%a7%d9%84%d8%b9%d9%84%d9%85%d9%8a-gtu\/","title":{"rendered":"\u0645\u0634\u0627\u0631\u064a\u0639 \u0627\u0644\u0628\u062d\u062b \u0627\u0644\u0639\u0644\u0645\u064a -Gtu"},"content":{"rendered":"\t\t<div data-elementor-type=\"wp-page\" data-elementor-id=\"25564\" class=\"elementor elementor-25564\" data-elementor-post-type=\"page\">\n\t\t\t\t<div class=\"elementor-element elementor-element-28a7cc79 e-flex e-con-boxed e-con e-parent\" data-id=\"28a7cc79\" data-element_type=\"container\" data-e-type=\"container\" data-settings=\"{&quot;ekit_has_onepagescroll_dot&quot;:&quot;yes&quot;}\">\n\t\t\t\t\t<div class=\"e-con-inner\">\n\t\t\t\t<div class=\"elementor-element elementor-element-4c78bf8e elementor-widget elementor-widget-text-editor\" data-id=\"4c78bf8e\" data-element_type=\"widget\" data-e-type=\"widget\" data-settings=\"{&quot;ekit_we_effect_on&quot;:&quot;none&quot;}\" data-widget_type=\"text-editor.default\">\n\t\t\t\t<div class=\"elementor-widget-container\">\n\t\t\t\t\t\t\t\t\t<div id=\"content\" class=\"eight columns content_display_col1 page_with_sidebar\"><div class=\"widget_container content_page post-190 page type-page status-publish has-post-thumbnail hentry\"><h1 class=\"single-post-title page-title\" style=\"text-align: center\"><span style=\"color: #ff0000\">\u0645\u0634\u0627\u0631\u064a\u0639 \u0627\u0644\u0628\u062d\u062b<\/span><\/h1><table style=\"background-color: #ffb700;width: 100%\"><tbody><tr><td style=\"width: 27.0171%;text-align: center\"><span style=\"color: #ff0000\"><strong>observation<\/strong><\/span><\/td><td style=\"width: 21.8826%;text-align: center\"><span style=\"color: #ff0000\"><strong>chef de projet\u00a0<\/strong><\/span><\/td><td style=\"width: 50.3667%;text-align: center\"><span style=\"color: #ff0000\"><strong>intitul\u00e9\u00a0 du projet<\/strong><\/span><\/td><\/tr><tr><td style=\"width: 27.0171%;text-align: center\"><p><span style=\"color: #000000\">\u00a0 Projet agr\u00e9\u00e9 a partir du-<\/span><\/p><p><span style=\"color: #000000\">01\/01\/2023<\/span><\/p><p><span style=\"color: #000000\">Dur\u00e9e du projet 4 ans-<\/span><\/p><p><span style=\"color: #000000\">Code de projet E02L01UN280120230001<\/span><\/p><\/td><td style=\"width: 21.8826%;text-align: center\"><p><span style=\"color: #000000\">M. KHALFELLAH BOUJEMAA<\/span><\/p><p><span style=\"color: #000000\">Grade dans le projet \/Grade actuel PR\/PR<\/span><\/p><\/td><td style=\"width: 50.3667%;text-align: center\"><span style=\"color: #000000\">\u062a\u0627\u062b\u064a\u0631 \u0627\u0644\u0639\u0648\u0627\u0645\u0644 \u0627\u0644\u0645\u0646\u0627\u062e\u064a\u0629 \u0641\u064a \u062a\u062e\u0637\u064a\u0637 \u0627\u0644\u0645\u0633\u0627\u062d\u0627\u062a \u0627\u0644\u062e\u0636\u0631\u0627\u0621 \u0641\u064a \u0627\u0644\u0645\u0646\u0627\u0637\u0642 \u0627\u0644\u0634\u0628\u0647 \u062c\u0627\u0641\u0629 \u2013 \u062f\u0631\u0627\u0633\u0629 \u062d\u0627\u0644\u0629 \u0645\u062f\u064a\u0646\u0629 \u0627\u0644\u0645\u0633\u064a\u0644\u0629 \u2013<\/span><\/td><\/tr><tr><td style=\"width: 27.0171%;text-align: center\"><p><span style=\"color: #000000\">\u00a0 Projet agr\u00e9\u00e9 a partir du-<\/span><\/p><p><span style=\"color: #000000\">01\/01\/2023<\/span><\/p><p><span style=\"color: #000000\">Dur\u00e9e du projet 4 ans-<\/span><\/p><p><span style=\"color: #000000\">Code de projet E02L01UN280120230004<\/span><\/p><p>\u00a0<\/p><\/td><td style=\"width: 21.8826%;text-align: center\"><p><span style=\"color: #000000\">M. DEHIIMI SALIM<\/span><\/p><p><span style=\"color: #000000\">Grade dans le projet \/Grade actuel MCA\/MCA<\/span><\/p><\/td><td style=\"width: 50.3667%;text-align: center\"><span style=\"color: #000000\">Mod\u00e8lisation d\u2019un outil de decision d\u2019implantation des equipements scolaire a travers les quartiers de la ville \u2013 cas de la ville de bousaada<\/span><\/td><\/tr><tr><td style=\"width: 27.0171%;text-align: center\"><p><span style=\"color: #000000\">\u00a0 Projet agr\u00e9\u00e9 a partir du-<\/span><\/p><p><span style=\"color: #000000\">01\/01\/2023<\/span><\/p><p><span style=\"color: #000000\">Dur\u00e9e du projet 4 ans-<\/span><\/p><p><span style=\"color: #000000\">Code de projet E02L01UN280120230002<\/span><\/p><p>\u00a0<\/p><\/td><td style=\"width: 21.8826%;text-align: center\"><p><span style=\"color: #000000\">M. HADJI ABDELKADER<\/span><\/p><p><span style=\"color: #000000\">Grade dans le projet \/Grade actuel MCA\/MCA<\/span><\/p><\/td><td style=\"width: 50.3667%;text-align: center\"><p><span style=\"color: #000000\">LA D\u00c9MARCHE ALG\u00c9RIENNE DE PR\u00c9VENTION DES RISQUES NATURELS<\/span><\/p><p><span style=\"color: #000000\">CAS DU PLAN ORSEC DE LA COMMUNE DE M\u2019SILA<\/span><\/p><\/td><\/tr><\/tbody><\/table><div class=\"brack_space\">\u00a0<\/div><\/div><\/div><div id=\"sidebar\" class=\"four columns content_display_col3\"><div id=\"qtranslate-2\" class=\"widget qtranxs_widget\"><div class=\"widget-title\">\u00a0<\/div><\/div><\/div>\t\t\t\t\t\t\t\t<\/div>\n\t\t\t\t<\/div>\n\t\t\t\t\t<\/div>\n\t\t\t\t<\/div>\n\t\t\t\t<\/div>\n\t\t","protected":false},"excerpt":{"rendered":"<p>\u0645\u0634\u0627\u0631\u064a\u0639 \u0627\u0644\u0628\u062d\u062b observation chef de projet\u00a0 intitul\u00e9\u00a0 du projet \u00a0 Projet agr\u00e9\u00e9 a partir du- 01\/01\/2023 Dur\u00e9e du projet 4 ans- Code de projet E02L01UN280120230001 M. KHALFELLAH BOUJEMAA Grade dans le projet \/Grade actuel PR\/PR \u062a\u0627\u062b\u064a\u0631 \u0627\u0644\u0639\u0648\u0627\u0645\u0644 \u0627\u0644\u0645\u0646\u0627\u062e\u064a\u0629 \u0641\u064a \u062a\u062e\u0637\u064a\u0637 &hellip; <\/p>\n","protected":false},"author":12,"featured_media":0,"parent":24126,"menu_order":0,"comment_status":"closed","ping_status":"closed","template":"","meta":{"_lmt_disableupdate":"","_lmt_disable":"","_monsterinsights_skip_tracking":false,"_monsterinsights_sitenote_active":false,"_monsterinsights_sitenote_note":"","_monsterinsights_sitenote_category":0,"footnotes":""},"class_list":["post-25564","page","type-page","status-publish","hentry"],"_links":{"self":[{"href":"https:\/\/www.univ-msila.dz\/site\/wp-json\/wp\/v2\/pages\/25564","targetHints":{"allow":["GET"]}}],"collection":[{"href":"https:\/\/www.univ-msila.dz\/site\/wp-json\/wp\/v2\/pages"}],"about":[{"href":"https:\/\/www.univ-msila.dz\/site\/wp-json\/wp\/v2\/types\/page"}],"author":[{"embeddable":true,"href":"https:\/\/www.univ-msila.dz\/site\/wp-json\/wp\/v2\/users\/12"}],"replies":[{"embeddable":true,"href":"https:\/\/www.univ-msila.dz\/site\/wp-json\/wp\/v2\/comments?post=25564"}],"version-history":[{"count":6,"href":"https:\/\/www.univ-msila.dz\/site\/wp-json\/wp\/v2\/pages\/25564\/revisions"}],"predecessor-version":[{"id":65056,"href":"https:\/\/www.univ-msila.dz\/site\/wp-json\/wp\/v2\/pages\/25564\/revisions\/65056"}],"up":[{"embeddable":true,"href":"https:\/\/www.univ-msila.dz\/site\/wp-json\/wp\/v2\/pages\/24126"}],"wp:attachment":[{"href":"https:\/\/www.univ-msila.dz\/site\/wp-json\/wp\/v2\/media?parent=25564"}],"curies":[{"name":"wp","href":"https:\/\/api.w.org\/{rel}","templated":true}]}}